 -4. Suppose -364 = -2*i + y*p - 2*p, 4*i - 5*p = 728. What is the highest common divisor of i and 52?
26
Suppose -t + 1 = -1, t - 18 = -2*q. Suppose 664 + 144 = 46*d - 1032. Calculate the highest common divisor of d and q.
8
Let n be 3/2*(10 - 4 - 4). Let o be 10 + 3/n - -4*1. Let h(v) = -5*v - 5. Let k be h(-7). Calculate the greatest common factor of o and k.
15
Let k(f) = 2*f + 18*f + 28*f. Let h be k(3). Suppose 5*m + 5*a = -0*a + 85, -37 = -2*m + a. What is the highest common divisor of h and m?
18
Let x be (3 - 1)/((-29)/348). Let c be 3 + (-239)/4*(x - -12). Calculate the highest common factor of 45 and c.
45
Let u be -18*1237/(-87) + (-28)/(-406). What is the highest common factor of 5248 and u?
128
Let w = 9639 - 9593. Calculate the highest common factor of w and 897.
23
Suppose 6*y = -46 + 52. Let v be (-2)/(y*-2)*(-35 + 43). What is the highest common divisor of 344 and v?
8
Let x(s) = s**3 + 37*s**2 - 81*s - 114. Let b be x(-39). Suppose -3*r = b*u - 4188 - 1647, 0 = 4*r + u - 7777. What is the greatest common divisor of 24 and r?
24
Let s(k) = k**3 - 2*k**2 + 3*k + 4. Let z be s(4). Suppose -151*a + 12 = -441. What is the greatest common divisor of a and z?
3
Let z(k) = 10*k**2 - 1285*k + 312. Let n be z(129). Calculate the highest common factor of n and 264.
33
Suppose 0 = -24*g + 26*g + 3*n - 171, 0 = -3*g - 4*n + 260. Calculate the highest common divisor of 10784 and g.
32
Let h(y) = y**2 + 17*y. Let o be h(-17). Let i be (o - -4) + -6 + 68. Let u = 22 + -16. What is the highest common divisor of i and u?
6
Let s be -1 - (0 + 3 + -24). Suppose 6*c + 2 - s = 0. Suppose 6*p = c*p + 126. What is the greatest common divisor of 28 and p?
14
Let b(u) = -u**3 + 74*u**2 + 78*u - 218. Let h be b(75). Calculate the highest common factor of 66 and h.
1
Let i be (-149)/(-3) + (-1)/(-3). Let u = 85 - i. Let x(l) = 1125*l - 1090. Let b be x(1). What is the highest common divisor of u and b?
35
Let g(d) = -14*d - d**2 + 5 - 5 - 5 - 6. Let f be g(-13). Let k be (1/f)/(78/(-84) - -1). Calculate the highest common divisor of 7 and k.
7
Suppose -d - f = -5, 7*f - 20 = 2*f. Let o be (-102)/(-34) + 61 + d. Calculate the highest common divisor of 52 and o.
13
Suppose 47*y + 9 = 50*y. Suppose 2*o - 102 = -y*z, 0 = 4*z - 4*o - 31 - 105. What is the highest common factor of 459 and z?
17
Let z = -1158 - -1446. Calculate the highest common factor of z and 648.
72
Let m be 1*7 - -7*13/(18 + -5). Calculate the greatest common divisor of 12698 and m.
14
Suppose a - 16 = -a. Let g(q) = 146*q - 1854. Let i be g(13). What is the greatest common factor of a and i?
4
Let g(p) = 1903*p - 3. Let i be g(3). Calculate the highest common divisor of 18 and i.
18
Let v = 786 + -508. Calculate the highest common divisor of 10 and v.
2
Let t = 8847 - 8733. Calculate the highest common factor of t and 6042.
114
Let p be -1*(-38)/(-2)*4. Suppose -4*m + 8 = 0, -q - 736 = 5*m - 899. Let w = q + p. What is the highest common divisor of 7 and w?
7
Suppose -2*z = 2*h - 84, 4*z + 0*h - 147 = 3*h. Let d = -4611 + 4884. What is the highest common factor of d and z?
39
Let z = -915 - -1427. What is the greatest common factor of 352 and z?
32
Suppose -5*s = -4*x + 1745, -7*s = -5*x - 12*s + 2170. Let u = 1644 - x. What is the greatest common factor of u and 39?
39
Let m be 5 + 2163 + (-156)/13. Calculate the greatest common divisor of m and 572.
44
Let q = -37 - -40. Let d be ((0/q - 0)/1)/(-3). Suppose v + 65 = 4*z, -4*z + 3*v + v + 68 = d. Calculate the greatest common divisor of 40 and z.
8
Suppose -13*w - 2280 = -15*w. Suppose 2*n + w = 17*n. What is the greatest common divisor of n and 19?
19
Suppose 20 = r + 5*x + 3, 0 = r - 4*x - 35. Let b be 330 + (-2 - (-2 + 33)). Calculate the highest common divisor of r and b.
27
Suppose i - 3*o - 1905 = 0, -140*o - 1910 = -i - 138*o. What is the greatest common divisor of i and 5?
5
Suppose -m + 7380 = 2*g + 2684, -7*m + 32924 = g. What is the highest common divisor of 288 and m?
96
Let t be (1 - 21/15)*-205. Let z be (-3 + 5 + t)/((-2)/(-8)). Let o(q) = q**2 - 9*q - 10. Let i be o(13). What is the highest common factor of i and z?
42
Suppose 0 = l - 2 + 4, 3*s - 6019 = -l. Calculate the highest common factor of s and 18.
9
Let s(r) = r**2 - 487*r + 2907. Let q be s(6). Calculate the highest common divisor of 1743 and q.
21
Let i = -56 - -48. Let y be (1 + 2/i)/((-22)/(-1936)). What is the highest common divisor of y and 6?
6
Suppose -3*i + 4*t - 2547 = 1953, -4*t - 12 = 0. Let f = 2847 + i. What is the highest common factor of f and 79?
79
Let o = 22757 + -19488. What is the highest common factor of o and 28?
7
Suppose -2*k + 181 = -243. Suppose -g + 5*g - k = 0. Let d = -2888825 + 2889408. Calculate the highest common factor of d and g.
53
Suppose -3*h + 6*h = 180. Let l(a) = -4*a**2 - 2*a + 5. Let n be l(0). Suppose 9*b - h = n*b. What is the highest common factor of 75 and b?
15
Let l(i) = i**2 + 28*i + 123. Let n be l(-23). Let c be 9 - n/((-64)/40). Calculate the greatest common divisor of 133 and c.
7
Let g be 66/(-8)*(27 - 31) + -3. Calculate the highest common divisor of g and 426.
6
Let v = 6 + -2. Suppose 48 = 12*q, 0 = -2*g - 4*q + q + 788. What is the highest common divisor of g and v?
4
Let v(a) = 1. Let l(i) = 377*i + 1. Let c(u) = l(u) - 3*v(u). Let f be c(1). What is the highest common divisor of f and 15?
15
Let b(y) = -8*y**2 + 5*y - 26. Let o be b(6). Let p = o + 312. What is the highest common divisor of p and 658?
14
Let u = 88 - 82. Let c = 11 - u. Let v be (-2)/4 - c/(10/(-29)). What is the greatest common factor of v and 112?
14
Let u = 17 + -15. Suppose -3*s = -d - 4, 0 = -u*d + 5*s - 3*s - 4. Let o(w) = -23*w + 4. Let h be o(d). Calculate the greatest common factor of 9 and h.
9
Let z = -5658 - -5928. What is the highest common factor of 10 and z?
10
Suppose -3*c = -2*m + 98, 12 = 2*c + 8. Calculate the greatest common factor of m and 481.
13
Let l be (-2 + 10/4)*-182. Let d = l - -136. Suppose -3*f - 45 = 2*i - 117, -3*i + 106 = 4*f. Calculate the highest common divisor of i and d.
15
Let f be 11616 + (-4)/3*(-90)/24 + 3. Calculate the greatest common factor of 32 and f.
8
Let g = 3702 + -1052. What is the greatest common factor of g and 25?
25
Let w(t) = 697*t - 1344. Let f be w(2). Calculate the greatest common divisor of f and 2935.
5
Suppose 112*g - 108*g + 3256 = 0. Let d = g + 846. Let q be 4/((-2)/(-2 - 2)). What is the highest common divisor of q and d?
8
Suppose -4*b + 3*b + 117 = -4*j, -10 = -2*j. Suppose 18*w - b = f + 15*w, -3*f + w = 371. Let l = f - -133. What is the greatest common divisor of l and 143?
11
Let s(f) be the second derivative of -f**4/4 - 16*f**3/3 - 9*f**2/2 - 23*f. Let b be s(-9). Calculate the highest common factor of b and 144.
36
Suppose -96*o + 12854 - 3638 = 0. Calculate the highest common factor of o and 544.
32
Suppose -b + 7*b + 2016 = 0. Let k = b + 358. Calculate the highest common divisor of k and 88.
22
Let f = 10751 - 9373. What is the greatest common factor of 1696 and f?
106
Let g be (-24870)/40*(-164)/123. What is the greatest common divisor of g and 2?
1
Suppose -20804 = -21*a - 4151. Calculate the greatest common divisor of a and 549.
61
Let q(j) = -11*j - 73. Let p be (-249)/27 + 20/90. Let a be q(p). Let u be 4*((-78)/(-4))/3. Calculate the greatest common factor of a and u.
26
Let h = -62 - -66. Suppose -5*x + 2*x - 175 = 2*f, -3*x + h*f - 181 = 0. Let j = x + 60. What is the highest common factor of 11 and j?
1
Suppose -4*j + 0*j = -8. Suppose 4*m + j*d - 52 = 0, -d = -2*m - 0*m + 18. Let b = -93825 - -93826. Calculate the greatest common factor of m and b.
1
Suppose -2640 = 35*k + 9*k - 84*k. Calculate the highest common divisor of k and 891.
33
Let i be (-1)/(7 - 2) - (-866)/5. Suppose 6*g = i + 115. Let o = -570 - -810. What is the greatest common divisor of o and g?
48
Let v be ((-40)/(-25))/((-1)/295). Let i = v - -482. What is the highest common divisor of i and 670?
10
Suppose 0 = 4*f - 6*c + 8*c - 110, 0 = -f + c + 20. Let k be ((-2010)/f)/(18/(-60)). Calculate the greatest common factor of 67 and k.
67
Let h be (-16)/12*(-1 - (-349)/(-2)). Suppose -56*r - h = -59*r. What is the highest common factor of r and 6?
6
Let v = -21425 - -22257. Calc